{"id":53,"date":"2022-02-09T16:47:40","date_gmt":"2022-02-09T16:47:40","guid":{"rendered":"https:\/\/stauffenberg-ponies.com\/?page_id=53"},"modified":"2022-12-27T14:00:51","modified_gmt":"2022-12-27T14:00:51","slug":"ueber-uns","status":"publish","type":"page","link":"https:\/\/stauffenberg-ponies.com\/","title":{"rendered":"\u00dcber uns"},"content":{"rendered":"\n<figure class=\"wp-block-image size-large\"><img fetchpriority=\"high\" decoding=\"async\" width=\"1024\" height=\"683\" src=\"https:\/\/stauffenberg-ponies.com\/wp-content\/uploads\/2022\/02\/IMG_0303-1024x683.jpg\" alt=\"\" class=\"wp-image-113\" srcset=\"https:\/\/stauffenberg-ponies.com\/wp-content\/uploads\/2022\/02\/IMG_0303-1024x683.jpg 1024w, https:\/\/stauffenberg-ponies.com\/wp-content\/uploads\/2022\/02\/IMG_0303-300x200.jpg 300w, https:\/\/stauffenberg-ponies.com\/wp-content\/uploads\/2022\/02\/IMG_0303-768x512.jpg 768w, https:\/\/stauffenberg-ponies.com\/wp-content\/uploads\/2022\/02\/IMG_0303-1536x1024.jpg 1536w, https:\/\/stauffenberg-ponies.com\/wp-content\/uploads\/2022\/02\/IMG_0303-90x60.jpg 90w, https:\/\/stauffenberg-ponies.com\/wp-content\/uploads\/2022\/02\/IMG_0303-420x280.jpg 420w, https:\/\/stauffenberg-ponies.com\/wp-content\/uploads\/2022\/02\/IMG_0303.jpg 1701w\" sizes=\"(max-width: 1024px) 100vw, 1024px\" \/><figcaption class=\"wp-element-caption\">Marion und Philipp Stauffenberg mit <br>Jacqueline Baartz und DIE WAHRE LIEBE NRW<\/figcaption><\/figure>\n\n\n\n<p class=\"has-text-align-left\">Die Ponyzucht von Marion Stauffenberg begann mit dem steigenden reiterlichen Engagement ihrer T\u00f6chter.<\/p>\n\n\n\n<figure class=\"wp-block-gallery has-nested-images columns-default is-cropped wp-block-gallery-1 is-layout-flex wp-block-gallery-is-layout-flex\">\n<figure class=\"wp-block-image size-large\"><img decoding=\"async\" width=\"1024\" height=\"769\" data-id=\"231\" src=\"https:\/\/stauffenberg-ponies.com\/wp-content\/uploads\/2022\/03\/Pepe-1024x769.jpg\" alt=\"\" class=\"wp-image-231\" srcset=\"https:\/\/stauffenberg-ponies.com\/wp-content\/uploads\/2022\/03\/Pepe-1024x769.jpg 1024w, https:\/\/stauffenberg-ponies.com\/wp-content\/uploads\/2022\/03\/Pepe-300x225.jpg 300w, https:\/\/stauffenberg-ponies.com\/wp-content\/uploads\/2022\/03\/Pepe-768x577.jpg 768w, https:\/\/stauffenberg-ponies.com\/wp-content\/uploads\/2022\/03\/Pepe-80x60.jpg 80w, https:\/\/stauffenberg-ponies.com\/wp-content\/uploads\/2022\/03\/Pepe.jpg 1280w\" sizes=\"(max-width: 1024px) 100vw, 1024px\" \/><figcaption class=\"wp-element-caption\">Pepe<\/figcaption><\/figure>\n\n\n\n<figure class=\"wp-block-image size-large\"><img decoding=\"async\" width=\"1024\" height=\"768\" data-id=\"229\" src=\"https:\/\/stauffenberg-ponies.com\/wp-content\/uploads\/2022\/03\/AlexDodoFelix-1024x768.jpg\" alt=\"\" class=\"wp-image-229\" srcset=\"https:\/\/stauffenberg-ponies.com\/wp-content\/uploads\/2022\/03\/AlexDodoFelix-1024x768.jpg 1024w, https:\/\/stauffenberg-ponies.com\/wp-content\/uploads\/2022\/03\/AlexDodoFelix-300x225.jpg 300w, https:\/\/stauffenberg-ponies.com\/wp-content\/uploads\/2022\/03\/AlexDodoFelix-768x576.jpg 768w, https:\/\/stauffenberg-ponies.com\/wp-content\/uploads\/2022\/03\/AlexDodoFelix-80x60.jpg 80w, https:\/\/stauffenberg-ponies.com\/wp-content\/uploads\/2022\/03\/AlexDodoFelix.jpg 1280w\" sizes=\"(max-width: 1024px) 100vw, 1024px\" \/><figcaption class=\"wp-element-caption\">Felix mit Alexandra und Antonia<\/figcaption><\/figure>\n\n\n\n<figure class=\"wp-block-image size-large\"><img loading=\"lazy\" decoding=\"async\" width=\"1024\" height=\"769\" data-id=\"230\" src=\"https:\/\/stauffenberg-ponies.com\/wp-content\/uploads\/2022\/03\/AlexFelixAscheberg-1024x769.jpg\" alt=\"\" class=\"wp-image-230\" srcset=\"https:\/\/stauffenberg-ponies.com\/wp-content\/uploads\/2022\/03\/AlexFelixAscheberg-1024x769.jpg 1024w, https:\/\/stauffenberg-ponies.com\/wp-content\/uploads\/2022\/03\/AlexFelixAscheberg-300x225.jpg 300w, https:\/\/stauffenberg-ponies.com\/wp-content\/uploads\/2022\/03\/AlexFelixAscheberg-768x577.jpg 768w, https:\/\/stauffenberg-ponies.com\/wp-content\/uploads\/2022\/03\/AlexFelixAscheberg-80x60.jpg 80w, https:\/\/stauffenberg-ponies.com\/wp-content\/uploads\/2022\/03\/AlexFelixAscheberg.jpg 1280w\" sizes=\"(max-width: 1024px) 100vw, 1024px\" \/><figcaption class=\"wp-element-caption\">Alexandra mit Felix beim 1. Turnier<\/figcaption><\/figure>\n<\/figure>\n\n\n\n<p class=\"has-text-align-left\">Nachdem Alexandra und Antonia ihre ersten Schritte mit dem Shetlandpony <strong>PEPE<\/strong> und dem Welsh-Cob <strong>FELIX<\/strong> hinter sich gebracht hatten und sich auch mit <strong>FELIX<\/strong> die ersten Turniererfolge einstellten, wurde gerade bei Alexandra klar, dass sie reiterlich weiter gef\u00f6rdert werden sollte.&nbsp;Aus diesem Grund entschloss sich Marion gut gezogene Ponystuten zu kaufen, die sie sp\u00e4ter zur Zucht verwenden konnte.&nbsp;<\/p>\n\n\n\n<p class=\"has-text-align-left\">So wurde <strong><a href=\"https:\/\/stauffenberg-ponies.com\/?page_id=13\" data-type=\"page\" data-id=\"13\">CYRANA DU BOIS<\/a><\/strong> erworben. Sie wurde, auch mit Hilfe von Jacqueline Baartz, bis zu Siegen in der Klasse L gef\u00f6rdert und sp\u00e4ter als erste Zuchtstute eingesetzt.<\/p>\n\n\n<div class=\"wp-block-image\">\n<figure class=\"aligncenter size-large is-resized\"><img loading=\"lazy\" decoding=\"async\" src=\"https:\/\/stauffenberg-ponies.com\/wp-content\/uploads\/2022\/02\/CyranaRoxel2-1024x678.jpg\" alt=\"\" class=\"wp-image-101\" width=\"409\" height=\"271\" srcset=\"https:\/\/stauffenberg-ponies.com\/wp-content\/uploads\/2022\/02\/CyranaRoxel2-1024x678.jpg 1024w, https:\/\/stauffenberg-ponies.com\/wp-content\/uploads\/2022\/02\/CyranaRoxel2-300x199.jpg 300w, https:\/\/stauffenberg-ponies.com\/wp-content\/uploads\/2022\/02\/CyranaRoxel2-768x509.jpg 768w, https:\/\/stauffenberg-ponies.com\/wp-content\/uploads\/2022\/02\/CyranaRoxel2-91x60.jpg 91w, https:\/\/stauffenberg-ponies.com\/wp-content\/uploads\/2022\/02\/CyranaRoxel2-800x530.jpg 800w, https:\/\/stauffenberg-ponies.com\/wp-content\/uploads\/2022\/02\/CyranaRoxel2.jpg 1280w\" sizes=\"(max-width: 409px) 100vw, 409px\" \/><figcaption class=\"wp-element-caption\">Alexandra Stauffenberg mit CYRANA DU BOIS<\/figcaption><\/figure>\n<\/div>\n\n\n<p class=\"has-text-align-left\">Mit der Bundeschampioness <a href=\"https:\/\/stauffenberg-ponies.com\/?page_id=12\" data-type=\"page\" data-id=\"12\"><strong>DIE KLEINE LIEBE<\/strong><\/a>, die aus dem hervorragenden Stamm der <strong>NIBELUNGENLIED<\/strong> stammt, folgte ein weiterer Schritt in die hochqualitative Zucht. Mit <strong><a href=\"https:\/\/stauffenberg-ponies.com\/?page_id=12\" data-type=\"page\" data-id=\"12\">DIE KLEINE LIEBE<\/a><\/strong> gelangen Alexandra Erfolge bis zur Klasse L \u2013 leider machte der Stute eine alte Verletzung zu schaffen und so wurde sie zur zweiten Zuchtstute von Marion.<\/p>\n\n\n<div class=\"wp-block-image\">\n<figure class=\"aligncenter size-large is-resized\"><img loading=\"lazy\" decoding=\"async\" src=\"https:\/\/stauffenberg-ponies.com\/wp-content\/uploads\/2022\/02\/DKLBundeschampionat20106-1024x683.jpg\" alt=\"\" class=\"wp-image-102\" width=\"407\" height=\"272\" srcset=\"https:\/\/stauffenberg-ponies.com\/wp-content\/uploads\/2022\/02\/DKLBundeschampionat20106-1024x683.jpg 1024w, https:\/\/stauffenberg-ponies.com\/wp-content\/uploads\/2022\/02\/DKLBundeschampionat20106-300x200.jpg 300w, https:\/\/stauffenberg-ponies.com\/wp-content\/uploads\/2022\/02\/DKLBundeschampionat20106-768x512.jpg 768w, https:\/\/stauffenberg-ponies.com\/wp-content\/uploads\/2022\/02\/DKLBundeschampionat20106-90x60.jpg 90w, https:\/\/stauffenberg-ponies.com\/wp-content\/uploads\/2022\/02\/DKLBundeschampionat20106-420x280.jpg 420w, https:\/\/stauffenberg-ponies.com\/wp-content\/uploads\/2022\/02\/DKLBundeschampionat20106.jpg 1280w\" sizes=\"(max-width: 407px) 100vw, 407px\" \/><figcaption class=\"wp-element-caption\">Charlott-Maria Sch\u00fcrmann mit DIE KLEINE LIEBE<\/figcaption><\/figure>\n<\/div>\n\n\n<p class=\"has-text-align-left\">Das 2014 erste selbstgezogene Fohlen aus der <strong><a href=\"https:\/\/stauffenberg-ponies.com\/?page_id=13\" data-type=\"page\" data-id=\"13\">CYRANA DU BOIS<\/a><\/strong>, <strong><a href=\"https:\/\/stauffenberg-ponies.com\/?page_id=14\" data-type=\"page\" data-id=\"14\">MILKY WAY<\/a><\/strong>, wurde gleich ein Volltreffer. Er wurde 2016 bei der K\u00f6rung des Ponyforums gek\u00f6rt und anschliessend nach Kanada verkauft.<\/p>\n\n\n<div class=\"wp-block-image\">\n<figure class=\"aligncenter size-large is-resized\"><img loading=\"lazy\" decoding=\"async\" src=\"https:\/\/stauffenberg-ponies.com\/wp-content\/uploads\/2022\/02\/MilkyWay8-1-1024x683.jpg\" alt=\"\" class=\"wp-image-103\" width=\"407\" height=\"271\" srcset=\"https:\/\/stauffenberg-ponies.com\/wp-content\/uploads\/2022\/02\/MilkyWay8-1-1024x683.jpg 1024w, https:\/\/stauffenberg-ponies.com\/wp-content\/uploads\/2022\/02\/MilkyWay8-1-300x200.jpg 300w, https:\/\/stauffenberg-ponies.com\/wp-content\/uploads\/2022\/02\/MilkyWay8-1-768x512.jpg 768w, https:\/\/stauffenberg-ponies.com\/wp-content\/uploads\/2022\/02\/MilkyWay8-1-1536x1024.jpg 1536w, https:\/\/stauffenberg-ponies.com\/wp-content\/uploads\/2022\/02\/MilkyWay8-1-90x60.jpg 90w, https:\/\/stauffenberg-ponies.com\/wp-content\/uploads\/2022\/02\/MilkyWay8-1-800x530.jpg 800w, https:\/\/stauffenberg-ponies.com\/wp-content\/uploads\/2022\/02\/MilkyWay8-1-420x280.jpg 420w, https:\/\/stauffenberg-ponies.com\/wp-content\/uploads\/2022\/02\/MilkyWay8-1.jpg 2048w\" sizes=\"(max-width: 407px) 100vw, 407px\" \/><figcaption class=\"wp-element-caption\">MILKY WAY mit Reiterin in Kanada<\/figcaption><\/figure>\n<\/div>\n\n\n<p class=\"has-text-align-left\">2015 wurde das zweite selbst gezogene Fohlen und gleichzeitig der Erstling aus <strong><a href=\"https:\/\/stauffenberg-ponies.com\/?page_id=12\" data-type=\"page\" data-id=\"12\">DIE KLEINE LIEBE <\/a><\/strong>geboren. <strong><a href=\"https:\/\/stauffenberg-ponies.com\/?page_id=11\" data-type=\"page\" data-id=\"11\">DIE WAHRE LIEBE NRW<\/a><\/strong> gewann 2019 nicht nur das Westfalenchampionat f\u00fcr die 4-j\u00e4hrigen Dressurponies in Handorf, sondern avancierte im selben Jahr zur vielumjubelten Bundeschampioness in Warendorf und sorgte somit f\u00fcr einen weiteren H\u00f6hepunkt der jungen Ponyzucht von Marion.<\/p>\n\n\n<div class=\"wp-block-image\">\n<figure class=\"aligncenter size-large is-resized\"><img loading=\"lazy\" decoding=\"async\" src=\"https:\/\/stauffenberg-ponies.com\/wp-content\/uploads\/2022\/02\/DWLBundeschampionat20191-1024x682.jpg\" alt=\"\" class=\"wp-image-104\" width=\"512\" height=\"341\" srcset=\"https:\/\/stauffenberg-ponies.com\/wp-content\/uploads\/2022\/02\/DWLBundeschampionat20191-1024x682.jpg 1024w, https:\/\/stauffenberg-ponies.com\/wp-content\/uploads\/2022\/02\/DWLBundeschampionat20191-300x200.jpg 300w, https:\/\/stauffenberg-ponies.com\/wp-content\/uploads\/2022\/02\/DWLBundeschampionat20191-768x511.jpg 768w, https:\/\/stauffenberg-ponies.com\/wp-content\/uploads\/2022\/02\/DWLBundeschampionat20191-90x60.jpg 90w, https:\/\/stauffenberg-ponies.com\/wp-content\/uploads\/2022\/02\/DWLBundeschampionat20191-420x280.jpg 420w, https:\/\/stauffenberg-ponies.com\/wp-content\/uploads\/2022\/02\/DWLBundeschampionat20191.jpg 1280w\" sizes=\"(max-width: 512px) 100vw, 512px\" \/><figcaption class=\"wp-element-caption\">Jacqueline Baartz mit DIE WAHRE LIEBE NRW<\/figcaption><\/figure>\n<\/div>\n\n\n<p class=\"has-text-align-left\">Die 2018 geborene <a href=\"https:\/\/stauffenberg-ponies.com\/?page_id=8\" data-type=\"page\" data-id=\"8\"><strong>DIEBIN DER HERZEN<\/strong><\/a> wurde zur Staatspr\u00e4mienstute gek\u00fcrt und gewann 2022 das Westfalen-Championat der 4-J\u00e4hrigen in M\u00fcnster-Handorf.<\/p>\n\n\n<div class=\"wp-block-image\">\n<figure class=\"aligncenter size-large is-resized\"><img loading=\"lazy\" decoding=\"async\" src=\"https:\/\/stauffenberg-ponies.com\/wp-content\/uploads\/2022\/11\/Diebin-der-Herzen7-1024x1024.jpg\" alt=\"\" class=\"wp-image-396\" width=\"512\" height=\"512\" srcset=\"https:\/\/stauffenberg-ponies.com\/wp-content\/uploads\/2022\/11\/Diebin-der-Herzen7-1024x1024.jpg 1024w, https:\/\/stauffenberg-ponies.com\/wp-content\/uploads\/2022\/11\/Diebin-der-Herzen7-300x300.jpg 300w, https:\/\/stauffenberg-ponies.com\/wp-content\/uploads\/2022\/11\/Diebin-der-Herzen7-150x150.jpg 150w, https:\/\/stauffenberg-ponies.com\/wp-content\/uploads\/2022\/11\/Diebin-der-Herzen7-768x768.jpg 768w, https:\/\/stauffenberg-ponies.com\/wp-content\/uploads\/2022\/11\/Diebin-der-Herzen7-60x60.jpg 60w, https:\/\/stauffenberg-ponies.com\/wp-content\/uploads\/2022\/11\/Diebin-der-Herzen7.jpg 1280w\" sizes=\"(max-width: 512px) 100vw, 512px\" \/><figcaption class=\"wp-element-caption\">Hanna Richter mit DIEBIN DER HERZEN<\/figcaption><\/figure>\n<\/div>\n\n\n<p class=\"has-text-align-left\">Der 2019 geborene <strong><a href=\"https:\/\/stauffenberg-ponies.com\/?page_id=9\" data-type=\"page\" data-id=\"9\">DARF ICH BITTEN NRW<\/a><\/strong> wurde bei der K\u00f6rung des Ponyforums in 2021 zum Pr\u00e4mienhengst gek\u00f6rt und f\u00fcr den H\u00f6chstpreis der anschliessenden Auktion an den Dressurstall Fischer verkauft. 2022 gewann er nicht nur das Westfalen-Championat, sondern avancierte in \u00fcberlegener Manier auch zum Bundes-Champion der 3-j\u00e4hrigen Hengste.<\/p>\n\n\n<div class=\"wp-block-image\">\n<figure class=\"aligncenter size-full is-resized\"><img loading=\"lazy\" decoding=\"async\" src=\"https:\/\/stauffenberg-ponies.com\/wp-content\/uploads\/2022\/11\/Darf-ich-Bitten9.jpg\" alt=\"\" class=\"wp-image-398\" width=\"500\" height=\"334\" srcset=\"https:\/\/stauffenberg-ponies.com\/wp-content\/uploads\/2022\/11\/Darf-ich-Bitten9.jpg 1000w, https:\/\/stauffenberg-ponies.com\/wp-content\/uploads\/2022\/11\/Darf-ich-Bitten9-300x200.jpg 300w, https:\/\/stauffenberg-ponies.com\/wp-content\/uploads\/2022\/11\/Darf-ich-Bitten9-768x512.jpg 768w, https:\/\/stauffenberg-ponies.com\/wp-content\/uploads\/2022\/11\/Darf-ich-Bitten9-90x60.jpg 90w, https:\/\/stauffenberg-ponies.com\/wp-content\/uploads\/2022\/11\/Darf-ich-Bitten9-420x280.jpg 420w\" sizes=\"(max-width: 500px) 100vw, 500px\" \/><figcaption class=\"wp-element-caption\">Tanja Fischer mit DARF ICH BITTEN NRW<\/figcaption><\/figure>\n<\/div>\n\n\n<p>Die gesamte Nachzucht kann unter den jeweiligen Ponies im Men\u00fc aufgerufen werden<\/p>\n","protected":false},"excerpt":{"rendered":"<p>Die Ponyzucht von Marion Stauffenberg begann mit dem steigenden reiterlichen Engagement ihrer T\u00f6chter. Nachdem Alexandra und Antonia ihre ersten Schritte mit dem Shetlandpony PEPE und &hellip; <\/p>\n","protected":false},"author":1,"featured_media":0,"parent":0,"menu_order":0,"comment_status":"closed","ping_status":"closed","template":"","meta":{"footnotes":""},"class_list":["post-53","page","type-page","status-publish","hentry"],"_links":{"self":[{"href":"https:\/\/stauffenberg-ponies.com\/index.php?rest_route=\/wp\/v2\/pages\/53","targetHints":{"allow":["GET"]}}],"collection":[{"href":"https:\/\/stauffenberg-ponies.com\/index.php?rest_route=\/wp\/v2\/pages"}],"about":[{"href":"https:\/\/stauffenberg-ponies.com\/index.php?rest_route=\/wp\/v2\/types\/page"}],"author":[{"embeddable":true,"href":"https:\/\/stauffenberg-ponies.com\/index.php?rest_route=\/wp\/v2\/users\/1"}],"replies":[{"embeddable":true,"href":"https:\/\/stauffenberg-ponies.com\/index.php?rest_route=%2Fwp%2Fv2%2Fcomments&post=53"}],"version-history":[{"count":30,"href":"https:\/\/stauffenberg-ponies.com\/index.php?rest_route=\/wp\/v2\/pages\/53\/revisions"}],"predecessor-version":[{"id":411,"href":"https:\/\/stauffenberg-ponies.com\/index.php?rest_route=\/wp\/v2\/pages\/53\/revisions\/411"}],"wp:attachment":[{"href":"https:\/\/stauffenberg-ponies.com\/index.php?rest_route=%2Fwp%2Fv2%2Fmedia&parent=53"}],"curies":[{"name":"wp","href":"https:\/\/api.w.org\/{rel}","templated":true}]}}